{"id":61,"date":"2020-10-19T19:39:44","date_gmt":"2020-10-19T17:39:44","guid":{"rendered":"https:\/\/www.gcdp.de\/page\/?page_id=61"},"modified":"2024-05-03T01:02:36","modified_gmt":"2024-05-02T23:02:36","slug":"mitsingen","status":"publish","type":"page","link":"https:\/\/www.gcdp.de\/page\/index.php\/mitsingen\/","title":{"rendered":"Mitsingen"},"content":{"rendered":"\r\n<h2 class=\"wp-block-heading\"><strong>Lust mitzusingen?<\/strong><\/h2>\r\n\r\n\r\n\r\n<p style=\"text-align: left;\">Dann freuen wir uns \u00fcber eure sangesfreudige Unterst\u00fctzung! Es erwartet Euch eine gesellige Chorgemeinschaft mit einem breitgef\u00e4cherten Repertoire.\u00a0 Wenn Ihr Freude und Interesse habt Eure Kehlen zu entfalten, dann meldet Euch \u00fcber unser <a href=\"https:\/\/www.gcdp.de\/page\/index.php\/kontakt\/\">Kontaktformular <\/a>oder schreibt uns eine Nachricht auf <a href=\"https:\/\/www.facebook.com\/GemischterChorderPolizeiBerlin\/\" target=\"_blank\" rel=\"noreferrer noopener\">Facebook<\/a>. Wir freuen uns auf Euch!<\/p>\r\n\r\n\r\n\r\n<p style=\"text-align: left;\"><strong>Wir proben jeden Mittwoch von 17:30 \u2013 20:00 Uhr. Unser Probenraum befindet sich im:<\/strong><\/p>\r\n<p style=\"text-align: left;\"><strong>Polizeidirektion 3 &#8211; Abschnitt 32, Haus 4 &#8211; Raum 166, Cecilienstr. 92, 12683 Berlin \u00a0<\/strong><\/p>\r\n\r\n\r\n\r\n<p style=\"text-align: left;\"><strong>\u00a0<\/strong><\/p>\r\n\r\n\r\n\r\n<p><img loading=\"lazy\" decoding=\"async\" class=\"alignleft wp-image-395\" src=\"https:\/\/www.gcdp.de\/page\/wp-content\/uploads\/2020\/10\/image\/2019 Plakate\/aufruf-1024x706.jpg\" alt=\"\" width=\"971\" height=\"669\" srcset=\"https:\/\/www.gcdp.de\/page\/wp-content\/uploads\/2020\/10\/image\/2019%20Plakate\/aufruf-1024x706.jpg 1024w, https:\/\/www.gcdp.de\/page\/wp-content\/uploads\/2020\/10\/image\/2019%20Plakate\/aufruf-300x207.jpg 300w, https:\/\/www.gcdp.de\/page\/wp-content\/uploads\/2020\/10\/image\/2019%20Plakate\/aufruf-768x530.jpg 768w, https:\/\/www.gcdp.de\/page\/wp-content\/uploads\/2020\/10\/image\/2019%20Plakate\/aufruf-1536x1059.jpg 1536w, https:\/\/www.gcdp.de\/page\/wp-content\/uploads\/2020\/10\/image\/2019%20Plakate\/aufruf.jpg 1694w\" sizes=\"auto, (max-width: 971px) 100vw, 971px\" \/><\/p>\r\n","protected":false},"excerpt":{"rendered":"<p>Lust mitzusingen? Dann freuen wir uns \u00fcber eure sangesfreudige Unterst\u00fctzung! Es erwartet Euch eine gesellige Chorgemeinschaft mit einem breitgef\u00e4cherten Repertoire.\u00a0 Wenn Ihr Freude und Interesse habt Eure Kehlen zu entfalten, [&hellip;]<\/p>\n","protected":false},"author":1,"featured_media":0,"parent":0,"menu_order":0,"comment_status":"closed","ping_status":"closed","template":"","meta":{"footnotes":""},"class_list":["post-61","page","type-page","status-publish","hentry"],"_links":{"self":[{"href":"https:\/\/www.gcdp.de\/page\/index.php\/wp-json\/wp\/v2\/pages\/61","targetHints":{"allow":["GET"]}}],"collection":[{"href":"https:\/\/www.gcdp.de\/page\/index.php\/wp-json\/wp\/v2\/pages"}],"about":[{"href":"https:\/\/www.gcdp.de\/page\/index.php\/wp-json\/wp\/v2\/types\/page"}],"author":[{"embeddable":true,"href":"https:\/\/www.gcdp.de\/page\/index.php\/wp-json\/wp\/v2\/users\/1"}],"replies":[{"embeddable":true,"href":"https:\/\/www.gcdp.de\/page\/index.php\/wp-json\/wp\/v2\/comments?post=61"}],"version-history":[{"count":9,"href":"https:\/\/www.gcdp.de\/page\/index.php\/wp-json\/wp\/v2\/pages\/61\/revisions"}],"predecessor-version":[{"id":1221,"href":"https:\/\/www.gcdp.de\/page\/index.php\/wp-json\/wp\/v2\/pages\/61\/revisions\/1221"}],"wp:attachment":[{"href":"https:\/\/www.gcdp.de\/page\/index.php\/wp-json\/wp\/v2\/media?parent=61"}],"curies":[{"name":"wp","href":"https:\/\/api.w.org\/{rel}","templated":true}]}}

<h2 class="wp-block-heading"><strong>Lust mitzusingen?</strong></h2>



<p style="text-align: left;">Dann freuen wir uns über eure sangesfreudige Unterstützung! Es erwartet Euch eine gesellige Chorgemeinschaft mit einem breitgefächerten Repertoire.  Wenn Ihr Freude und Interesse habt Eure Kehlen zu entfalten, dann meldet Euch über unser <a href="https://www.gcdp.de/page/index.php/kontakt/">Kontaktformular </a>oder schreibt uns eine Nachricht auf <a href="https://www.facebook.com/GemischterChorderPolizeiBerlin/" target="_blank" rel="noreferrer noopener">Facebook</a>. Wir freuen uns auf Euch!</p>



<p style="text-align: left;"><strong>Wir proben jeden Mittwoch von 17:30 – 20:00 Uhr. Unser Probenraum befindet sich im:</strong></p>
<p style="text-align: left;"><strong>Polizeidirektion 3 &#8211; Abschnitt 32, Haus 4 &#8211; Raum 166, Cecilienstr. 92, 12683 Berlin  </strong></p>



<p style="text-align: left;"><strong> </strong></p>



<p><img loading="lazy" decoding="async" class="alignleft wp-image-395" src="https://www.gcdp.de/page/wp-content/uploads/2020/10/image/2019 Plakate/aufruf-1024x706.jpg" alt="" width="971" height="669" srcset="https://www.gcdp.de/page/wp-content/uploads/2020/10/image/2019%20Plakate/aufruf-1024x706.jpg 1024w, https://www.gcdp.de/page/wp-content/uploads/2020/10/image/2019%20Plakate/aufruf-300x207.jpg 300w, https://www.gcdp.de/page/wp-content/uploads/2020/10/image/2019%20Plakate/aufruf-768x530.jpg 768w, https://www.gcdp.de/page/wp-content/uploads/2020/10/image/2019%20Plakate/aufruf-1536x1059.jpg 1536w, https://www.gcdp.de/page/wp-content/uploads/2020/10/image/2019%20Plakate/aufruf.jpg 1694w" sizes="auto, (max-width: 971px) 100vw, 971px" /></p>

<p>Lust mitzusingen? Dann freuen wir uns über eure sangesfreudige Unterstützung! Es erwartet Euch eine gesellige Chorgemeinschaft mit einem breitgefächerten Repertoire.  Wenn Ihr Freude und Interesse habt Eure Kehlen zu entfalten, [&hellip;]</p>
