{"id":1166,"date":"2024-01-31T23:35:20","date_gmt":"2024-01-31T21:35:20","guid":{"rendered":"https:\/\/www.gcdp.de\/page\/?post_type=tribe_events&#038;p=1166"},"modified":"2024-02-11T19:54:42","modified_gmt":"2024-02-11T17:54:42","slug":"domicil-seniorenpflegeheim-fuerstenstrasse-gmbh","status":"publish","type":"tribe_events","link":"https:\/\/www.gcdp.de\/page\/index.php\/veranstaltungen\/domicil-seniorenpflegeheim-fuerstenstrasse-gmbh\/","title":{"rendered":"Gartenkonzert im Domicil &#8211; Seniorenpflegeheim F\u00fcrstenstra\u00dfe GmbH"},"content":{"rendered":"<p>GartenkonzertDomicil &#8211; Seniorenpflegeheim F\u00fcrstenstra\u00dfe GmbH<\/p>\n<p>F\u00fcrstenstra\u00dfe 36<br \/>\n14163 Berlin-Zehlendorf<\/p>\n","protected":false},"excerpt":{"rendered":"<p>GartenkonzertDomicil &#8211; Seniorenpflegeheim F\u00fcrstenstra\u00dfe GmbH F\u00fcrstenstra\u00dfe 36 14163 Berlin-Zehlendorf<\/p>\n","protected":false},"author":2,"featured_media":0,"template":"","meta":{"_tribe_events_status":"","_tribe_events_status_reason":"","footnotes":""},"tags":[],"tribe_events_cat":[],"class_list":["post-1166","tribe_events","type-tribe_events","status-publish","hentry"],"_links":{"self":[{"href":"https:\/\/www.gcdp.de\/page\/index.php\/wp-json\/wp\/v2\/tribe_events\/1166","targetHints":{"allow":["GET"]}}],"collection":[{"href":"https:\/\/www.gcdp.de\/page\/index.php\/wp-json\/wp\/v2\/tribe_events"}],"about":[{"href":"https:\/\/www.gcdp.de\/page\/index.php\/wp-json\/wp\/v2\/types\/tribe_events"}],"author":[{"embeddable":true,"href":"https:\/\/www.gcdp.de\/page\/index.php\/wp-json\/wp\/v2\/users\/2"}],"version-history":[{"count":2,"href":"https:\/\/www.gcdp.de\/page\/index.php\/wp-json\/wp\/v2\/tribe_events\/1166\/revisions"}],"predecessor-version":[{"id":1193,"href":"https:\/\/www.gcdp.de\/page\/index.php\/wp-json\/wp\/v2\/tribe_events\/1166\/revisions\/1193"}],"wp:attachment":[{"href":"https:\/\/www.gcdp.de\/page\/index.php\/wp-json\/wp\/v2\/media?parent=1166"}],"wp:term":[{"taxonomy":"post_tag","embeddable":true,"href":"https:\/\/www.gcdp.de\/page\/index.php\/wp-json\/wp\/v2\/tags?post=1166"},{"taxonomy":"tribe_events_cat","embeddable":true,"href":"https:\/\/www.gcdp.de\/page\/index.php\/wp-json\/wp\/v2\/tribe_events_cat?post=1166"}],"curies":[{"name":"wp","href":"https:\/\/api.w.org\/{rel}","templated":true}]}}

Gartenkonzert im Domicil &#8211; Seniorenpflegeheim Fürstenstraße GmbH

<p>GartenkonzertDomicil &#8211; Seniorenpflegeheim Fürstenstraße GmbH</p>
<p>Fürstenstraße 36<br />
14163 Berlin-Zehlendorf</p>

<p>GartenkonzertDomicil &#8211; Seniorenpflegeheim Fürstenstraße GmbH Fürstenstraße 36 14163 Berlin-Zehlendorf</p>
