{"id":458,"date":"2023-02-09T23:18:05","date_gmt":"2023-02-09T21:18:05","guid":{"rendered":"https:\/\/www.gcdp.de\/page\/?post_type=tribe_events&#038;p=458"},"modified":"2023-04-03T00:34:56","modified_gmt":"2023-04-02T22:34:56","slug":"konzertreise-nach-dresden","status":"publish","type":"tribe_events","link":"https:\/\/www.gcdp.de\/page\/index.php\/veranstaltungen\/konzertreise-nach-dresden\/","title":{"rendered":"Konzertreise nach Dresden"},"content":{"rendered":"<p>Konzertreise nach Dresden an l\u00e4sslich des 94. Delegiertentages des Chorverbandes der Deutschen Polizei. Der Delegiertentag wird ausgerichtet vom <a href=\"https:\/\/www.polizeichor-dresden.de\/\">Polizeichor Dresden e.V.<\/a> und wir freuen uns sehr hier Gast zu sein.<\/p>\n<p>Der Polizeichor Dresden e.V. feiert dar\u00fcber hinaus auch sein 70-j\u00e4hriges Jubil\u00e4um und richtet daf\u00fcr ein <a href=\"https:\/\/www.polizeichor-dresden.de\/?p=2692#more-2692\">gro\u00dfes Festkonzert<\/a> am 22. April 2023, um 14:30 Uhr im Konzertsaal des <a href=\"https:\/\/www.kulturpalast-dresden.de\/de\/der-neue-kulturpalast.html\">Kulturpalast Dresden<\/a> aus. Es ist uns eine Ehre bei diesem Konzert als Gastchor mitzuwirken.<\/p>\n<p>Karten kosten 19,00 \u20ac und k\u00f6nnen direkt \u00fcber den Polizeichor Dresden e.V. bestellt werden. Senden Sie dazu einfach eine E-Mail an <a href=\"mailto:kartenbestellung@pc-dresden.de?subject=Kartenbestellung%20Fr\u00fchjahrskonzert%202023%20im%20Kulturpalast%20Dresden\">kartenbestellung@pc-dresden.de<\/a>.<\/p>\n<p>&nbsp;<\/p>\n","protected":false},"excerpt":{"rendered":"<p>Konzertreise nach Dresden an l\u00e4sslich des 94. Delegiertentages des Chorverbandes der Deutschen Polizei. Der Delegiertentag wird ausgerichtet vom Polizeichor Dresden e.V. und wir freuen uns sehr hier Gast zu sein. [&hellip;]<\/p>\n","protected":false},"author":2,"featured_media":942,"template":"","meta":{"_tribe_events_status":"","_tribe_events_status_reason":"","footnotes":""},"tags":[],"tribe_events_cat":[15,14],"class_list":["post-458","tribe_events","type-tribe_events","status-publish","has-post-thumbnail","hentry","tribe_events_cat-konzerte","tribe_events_cat-reisen","cat_konzerte","cat_reisen"],"_links":{"self":[{"href":"https:\/\/www.gcdp.de\/page\/index.php\/wp-json\/wp\/v2\/tribe_events\/458","targetHints":{"allow":["GET"]}}],"collection":[{"href":"https:\/\/www.gcdp.de\/page\/index.php\/wp-json\/wp\/v2\/tribe_events"}],"about":[{"href":"https:\/\/www.gcdp.de\/page\/index.php\/wp-json\/wp\/v2\/types\/tribe_events"}],"author":[{"embeddable":true,"href":"https:\/\/www.gcdp.de\/page\/index.php\/wp-json\/wp\/v2\/users\/2"}],"version-history":[{"count":6,"href":"https:\/\/www.gcdp.de\/page\/index.php\/wp-json\/wp\/v2\/tribe_events\/458\/revisions"}],"predecessor-version":[{"id":944,"href":"https:\/\/www.gcdp.de\/page\/index.php\/wp-json\/wp\/v2\/tribe_events\/458\/revisions\/944"}],"wp:featuredmedia":[{"embeddable":true,"href":"https:\/\/www.gcdp.de\/page\/index.php\/wp-json\/wp\/v2\/media\/942"}],"wp:attachment":[{"href":"https:\/\/www.gcdp.de\/page\/index.php\/wp-json\/wp\/v2\/media?parent=458"}],"wp:term":[{"taxonomy":"post_tag","embeddable":true,"href":"https:\/\/www.gcdp.de\/page\/index.php\/wp-json\/wp\/v2\/tags?post=458"},{"taxonomy":"tribe_events_cat","embeddable":true,"href":"https:\/\/www.gcdp.de\/page\/index.php\/wp-json\/wp\/v2\/tribe_events_cat?post=458"}],"curies":[{"name":"wp","href":"https:\/\/api.w.org\/{rel}","templated":true}]}}

<p>Konzertreise nach Dresden an lässlich des 94. Delegiertentages des Chorverbandes der Deutschen Polizei. Der Delegiertentag wird ausgerichtet vom <a href="https://www.polizeichor-dresden.de/">Polizeichor Dresden e.V.</a> und wir freuen uns sehr hier Gast zu sein.</p>
<p>Der Polizeichor Dresden e.V. feiert darüber hinaus auch sein 70-jähriges Jubiläum und richtet dafür ein <a href="https://www.polizeichor-dresden.de/?p=2692#more-2692">großes Festkonzert</a> am 22. April 2023, um 14:30 Uhr im Konzertsaal des <a href="https://www.kulturpalast-dresden.de/de/der-neue-kulturpalast.html">Kulturpalast Dresden</a> aus. Es ist uns eine Ehre bei diesem Konzert als Gastchor mitzuwirken.</p>
<p>Karten kosten 19,00 € und können direkt über den Polizeichor Dresden e.V. bestellt werden. Senden Sie dazu einfach eine E-Mail an <a href="mailto:kartenbestellung@pc-dresden.de?subject=Kartenbestellung%20Frühjahrskonzert%202023%20im%20Kulturpalast%20Dresden">kartenbestellung@pc-dresden.de</a>.</p>
<p>&nbsp;</p>

<p>Konzertreise nach Dresden an lässlich des 94. Delegiertentages des Chorverbandes der Deutschen Polizei. Der Delegiertentag wird ausgerichtet vom Polizeichor Dresden e.V. und wir freuen uns sehr hier Gast zu sein. [&hellip;]</p>
